actors of h.
2, 383
Let h = 74 - 78. Let p be (h/12*0)/2 - -2. Suppose -213 = -y + p*s + 3*s, -4*s - 216 = -y. List the prime factors of y.
2, 3, 19
Suppose -9494*r = -9479*r - 182205. What are the prime factors of r?
3, 4049
Let b(d) = 16*d**2 - 28*d - 29. What are the prime factors of b(19)?
5, 7, 149
Let i(m) = 641*m + 2417. What are the prime factors of i(18)?
5, 2791
Suppose 3*l = -3*y + 175800, -207*l = -204*l - 5*y - 175776. What are the prime factors of l?
7, 11, 761
Let k(i) = 9*i**2 - 100*i - 44. List the prime factors of k(-7).
1097
Let n = 1445 - 608. Suppose -8*w + 1763 + n = 0. What are the prime factors of w?
5, 13
Let t = 15336 + -9556. What are the prime factors of t?
2, 5, 17
Let o be (2 + 321)*(-26 - -25). Let n = 508 + o. What are the prime factors of n?
5, 37
Let f(v) = -2*v**3 + 158*v**2 + 32*v - 1611. List the prime factors of f(71).
233, 349
List the prime factors of (-34 - -108 - (-2 - -5))*499 - -5.
2, 7, 2531
Let v(i) = 7*i**2 - 8*i + 6. Suppose -65 = 19*g - 14*g. Let j = 19 + g. What are the prime factors of v(j)?
2, 3, 5, 7
Let n(p) = -4157*p - 4492. What are the prime factors of n(-17)?
3, 19, 43
Let p = -4027 + 2181. Let v = -886 - p. What are the prime factors of v?
2, 3, 5
Suppose 0 = -12*d + 58*d - 274*d + 10709616. What are the prime factors of d?
2, 11743
Let k(m) = 2*m**2 - 149*m - 582. List the prime factors of k(134).
2, 23, 167
Let u(p) = -p**2 - 2*p - 2. Let w be u(3). Let q be (-1)/(-1) - (w + 18). Suppose -4*n + 465 = 3*z, 2*z - 110 = -q*n - n. What are the prime factors of n?
2, 3, 5
Let a(f) = 13*f**2 + 100*f - 918. List the prime factors of a(-51).
3, 5, 17, 109
Let p be (-44)/(((-16)/(-28))/(4/(-14))). Let g be p/(-3) + 4/(-6). Let h(z) = z**3 + 9*z**2 - 7*z + 19. List the prime factors of h(g).
139
Suppose 59208 = 18*f + 13560. List the prime factors of f.
2, 317
Let p(s) = 34*s**2 - 41*s - 207. Let h(w) = w**2 - 2*w + 1. Let x(b) = -5*h(b) + p(b). List the prime factors of x(-6).
2, 509
Suppose -p = p - 3*j + 11, 3*j - 17 = -p. Let s be (-17)/(-5) - p/5 - -208. Let y = -132 + s. What are the prime factors of y?
79
Let h = 91 - 90. Let j(f) = 560*f**3 + 3*f**2 - 5*f + 1. List the prime factors of j(h).
13, 43
Let c(x) = 6*x - 35. Suppose -17*n + 5 + 114 = 0. Let j be c(n). What are the prime factors of ((-2718)/(-12) - j) + (-2)/4?
3, 73
Let m(k) = -81*k + 1495. What are the prime factors of m(-6)?
7, 283
Let p be (1 - 40/6)/((-26)/1248). Let u = p - 266. List the prime factors of u.
2, 3
Suppose -120*c = -101*c - 285228. List the prime factors of c.
2, 3, 139
Let r be 0 + -1 + (9 - -448) + -7. Suppose 454*o - 1085 = r*o. List the prime factors of o.
7, 31
Let d(a) = 6*a**3 - 10*a**2 + 21*a - 43. Let c be d(8). Suppose -c = -8*p + 1347. List the prime factors of p.
2, 61
Let t = -128 - -31. Let w = 68 - t. Suppose 4*l = -12, 2*p - 4*l - w = -l. List the prime factors of p.
2, 3, 13
List the prime factors of (40/500*5)/((-4)/(-37550)).
5, 751
Let l = 141 - 138. Suppose l*q - 328 = -2*h, 2*h - h + q = 166. What are the prime factors of h?
2, 5, 17
Let x = 29652 - -4757. What are the prime factors of x?
19, 1811
Let o = -122343 - -181322. List the prime factors of o.
58979
Let p be ((-268)/6)/(5*3/(-45)). Suppose -38 = p*a - 135*a. What are the prime factors of a*4*25/(-20)*-1?
2, 5, 19
Suppose -r - 2*v + 19592 - 2921 = 0, 49988 = 3*r + v. List the prime factors of r.
16661
Let s = 9285 - 5393. What are the prime factors of s?
2, 7, 139
Let v(w) = -w - 23. Let z be v(-19). Let u be (2 - (-10)/z)*6. What are the prime factors of (3 + 15)/(0 - (u - -2))?
2, 3
Suppose 42 = -9*q - 174. Let p = 115 + q. What are the prime factors of p?
7, 13
Let h(t) = -17*t + 105. Let d(g) = -2*g**3 + 4*g**2 - 7*g + 24. Let n be d(3). What are the prime factors of h(n)?
2, 3, 5
Let g(f) = -9*f**3 - 7*f**2 - 12*f - 4. Let j be g(-5). Let s = j + -98. Suppose -19*c = -23*c + s. List the prime factors of c.
227
Let l(b) = 160*b**2 - 16*b + 185. List the prime factors of l(8).
7, 1471
Let j(l) = -l**3 + 5*l**2 + 7*l - 3. Let m = 66 - 93. Let q be (18/m)/(4/90*-3). List the prime factors of j(q).
2
Let v be (-38)/6 + (42/(-9))/7. Let b(r) = 5*r**2 + 6*r + 4. What are the prime factors of b(v)?
3, 23
Suppose -2*a + 680 = -5*i + 54, 2*a - i - 634 = 0. Suppose -4*h = 2*j - a, 2*j = -3*j - 3*h + 760. Let s = j + -102. What are the prime factors of s?
47
Let z be (84/7)/(-6) - (-2 + -2). What are the prime factors of ((-5)/((-35)/20398))/z?
31, 47
Suppose -2*m - 27 = -37. List the prime factors of -1 - (-1)/(m/580).
5, 23
Let s be (12/(-10))/(2*4/(-200)). Suppose 0 = 2*b + 5*f - s, -2*b + b + 4*f - 11 = 0. List the prime factors of ((-4)/b)/(2/(-255)).
2, 3, 17
What are the prime factors of -1365*(-572)/39 + -2 + 1?
3, 6673
Suppose 21*g = 2*n + 17*g - 45020, -4*n - g = -90058. What are the prime factors of n?
2, 11257
Let a be (2 + -34 + -3)*(-2)/5. Suppose 0 = -3*r + 4*r - a. Let d(c) = -c**3 + 16*c**2 - 18*c + 9. What are the prime factors of d(r)?
149
Let s = 17283 - 11558. List the prime factors of s.
5, 229
Let k(w) be the third derivative of -w**6/60 + w**5/10 + 5*w**4/3 - w**3 - 4*w**2. Let p be k(8). List the prime factors of (p + 1 + -2)/(3/(-2)).
2, 109
Suppose 3*v + 23 - 212 = 0. List the prime factors of ((-7)/((-147)/(-108)))/((-2)/v).
2, 3
Suppose 3*l = 6*l + 9. Let q(i) = -2*i**2 + 23*i + 3. Let o(m) = -2*m**2 + 23*m + 4. Let c(w) = l*o(w) + 2*q(w). What are the prime factors of c(16)?
2, 3, 23
Let l(w) = -w**3 + 29*w**2 - 2*w + 60. Let u be l(29). List the prime factors of (5/(-15))/(u/(-1794)).
13, 23
Let c be ((-909)/6)/((-1)/(-10)*5). Let y = c - -1536. List the prime factors of y.
3, 137
Let w(m) = -m**3 + 91*m**2 + 61*m - 716. List the prime factors of w(89).
5, 4111
Suppose -2*i - 7879 = -3*n, 9*n - 5*n - 10496 = -2*i. What are the prime factors of n?
3, 5, 7
Let k(o) = 22*o + 1. Let i = -11 - 1. Let f be (i/(-4) - 5) + 3 + 2. List the prime factors of k(f).
67
Let a(o) = -o**3 + 28*o**2 + 2*o - 52. Let p be a(28). Suppose p*x = -l + 121, -5*x + x + 111 = -l. What are the prime factors of x?
29
What are the prime factors of (-6*(-24)/270)/((-15)/313275)*-6?
2, 4177
Let u(j) be the second derivative of -143*j**3/2 - 233*j**2/2 + 308*j. List the prime factors of u(-3).
2, 17, 31
Let l(j) = 1826*j + 939. List the prime factors of l(8).
7, 2221
List the prime factors of 12/(-30) + (-37147)/(-55).
3, 5
Suppose 5*y + 9 = 39. Suppose y*b - 250 = 4*b. Suppose -q = -79 - b. What are the prime factors of q?
2, 3, 17
Let w(z) be the second derivative of 73*z**3/3 + 163*z**2/2 - 218*z. What are the prime factors of w(6)?
1039
Let r(v) = 5467*v + 5963. What are the prime factors of r(4)?
3, 9277
Suppose 686*j - 12 = 688*j, 0 = -5*w + 2*j + 44692. What are the prime factors of w?
2, 1117
Let v(a) = a**3 - 8*a**2 - 11*a + 18. Let f be v(9). Let y(i) = i**2 + 3*i + 122. What are the prime factors of y(f)?
2, 61
Let p(o) = 7*o**2 - 81*o - 1004. What are the prime factors of p(-43)?
2, 11, 701
Let i = 10 + -5. Let w = -324 + 494. Suppose -5*x = -i*u - 200, 2*u + w = 3*x + 53. List the prime factors of x.
37
Let x = -52 - -32. Let m(c) = c + 25. Let b be m(x). Suppose -4*v + 4*s + 449 = 9*s, 0 = b*v - 2*s - 553. List the prime factors of v.
3, 37
Let z(c) = 6*c**2 + 4*c + 3. Suppose 3*p - 10 = -4*b, 4*b - p = 9 + 9. Let o be z(b). Let m = 191 - o. What are the prime factors of m?
2, 19
Suppose 0 = -58*g - 56 + 230. Suppose g*t + 684 = 6*t. List the prime factors of t.
2, 3, 19
Let k = 10208 - 3998. What are the prime factors of k?
2, 3, 5, 23
Let i = 25 - 22. Let s(q) = 95*q - 58. What are the prime factors of s(i)?
227
Suppose 0 = 4*l - 744 - 48. Suppose 2*q + 555 = -5*h, -q - q = -h - 99. Let j = l + h. What are the prime factors of j?
89
Suppose -51978 = -5*a + 4*w, 0 = -2*a - 0*a - 5*w + 20745. List the prime factors of a.
2, 5, 1039
Suppose -3*g + 79970 = h, 0 = 5*h + 2*g + g - 399886. What are the prime factors of h?
79979
Suppose 0 = 5*p - 3*c - 16748, 13*p - 4*c + 6694 = 15*p. List the prime factors of p.
17, 197
What are the prime factors of 54/180 + (-1048439)/(-70)?
2, 7489
Let c = -17 - -14. Let o(s) = -6*s**2 - 22*s + 47. Let v(i) = -2*i**2 - 7*i + 16. Let t(w) = c*o(w) + 8*v(w). What are the prime factors of